-37 + 36 + 16 - (15 - -2)?
-2
Evaluate 8 + 21 + -11 + -5.
13
34 + (27 - 21) + -22
18
Calculate (3 - (-2 - -2)) + -6 + 38 + -29.
6
(27 - -2) + -1 + 5 + 0 + -12
21
What is 23 + -35 + (1 - 4) - 11?
-26
32 - -1 - (7 - (12 + -18))
20
6 + -26 + -2 + -2 + -10 + 15
-19
Evaluate -6 + (-2 - -3 - -2) + -6.
-9
29 + -35 + 7 + -2 + 64 + -59
4
Evaluate 19 + -17 - -18 - (5 - 0).
15
Calculate -1 + -21 + 11 + 26 + -2.
13
Calculate -11 - -1 - -2 - (-74 + 58) - 9.
-1
What is the value of -69 + 48 - (13 + -14 - (3 + 0))?
-17
What is the value of -2 - -4 - (-8 + 18) - 4?
-12
(-15 - 5) + (3 - (14 + -9))
-22
What is the value of -44 - (-99 + 47) - -12?
20
What is the value of -1 - (12 + 3) - (-4 - 1 - 1)?
-10
-1 + -2 + (6 - 0 - 6)
-3
What is the value of -36 + (1 + 13 - -5)?
-17
What is the value of (0 - 1) + (8 - 0) - (1677 + -1676)?
6
-28 + -17 + -15 + 51
-9
4 + -7 - (-3 - (3 - (6 - 4)))
1
24 + -13 + -5 - (14 - 3)
-5
What is 8 + (-9 - -10 - -15) + -2 + -7?
15
What is the value of 18 + (29 - 20) + -28?
-1
Evaluate (4 - 0) + 6 - (179 - 188).
19
8 + -35 + 21 + 16 + (3 - 0)
13
Evaluate (-12 + 10 - 1) + -4.
-7
What is the value of -2 + (2 - -18) - 11?
7
What is the value of 99 + -51 + -11 + 1 - 10?
28
What is the value of (-5 - 2) + 11 + 1 + -14?
-9
8 - (-4 - (-37 - -20)) - (-1 - -13)
-17
-10 + (-30 - -1) + 66
27
Evaluate 3 + ((-5 - 10) + 5 - -19).
12
Calculate 2 + (17 + -9 - 21).
-11
0 + -21 - (64 - -38 - 84)
-39
Calculate -1 - -4 - (17 + -20) - (1 + 15).
-10
Calculate -3 - (23 + (8 - 19)) - 15.
-30
What is (-16 - -13) + (7 - 13)?
-9
What is (5 - (-6 - -11 - 1)) + 10?
11
What is the value of -13 + 13 + 16 + (-18 - -1)?
-1
Calculate 61 + -17 + (2 - 8).
38
(-1 - -13) + (-1 - (2 - 2))
11
(3 - 1 - 2) + (-41 - -7) + 38
4
-20 + (3 + 6 - (1 + 4))
-16
What is 4 + -19 + 8 + (-11 - -23) + -1?
4
What is the value of (11 + (-12 - -4) - 6) + 0?
-3
Evaluate -27 + (12 + 9 - 10).
-16
Calculate -5 + (150 - 145) + -1 + -6.
-7
What is 27 - 26 - (6 + 4 + 0)?
-9
What is -1 + -65 + 33 + 33?
0
2 + 29 + -31 - 21
-21
Calculate (-26 - -2) + (-419 - -445).
2
Evaluate -6 + 3 + 12 - (8 + (3 - 7)).
5
(31 - 19) + -18 + (-13 - (3 + -2))
-20
What is the value of (-9 - -7) + -4 + (2 - 1) - -18?
13
What is 19 - (-11 + 28) - -19?
21
Calculate 23 - (10 + (14 - -10)).
-11
What is 9 - (8 - (-2 - 8) - -3)?
-12
Calculate 3 + -3 + 2 + -4 + 2 + -1.
-1
What is the value of -5 + (-45 - -77 - (1 + 6)) - -10?
30
What is 24 + -38 + 7 - (-22 + (1 - -2))?
12
3 - -19 - (-15 + 0 - (6 + -24))
19
Evaluate -893 - -879 - (6 + 1).
-21
2 - (5 + -1 - (77 + -68)) - 12
-5
What is the value of -5 - (-4 - (-14 + 37))?
22
Evaluate 5 - -3 - 23 - (-8 - 3 - -3).
-7
1 + 13 + -25 + 14
3
Calculate -40 + (31 - -26) - 23.
-6
What is the value of -5 + 8 + -4 - 20 - -6?
-15
Evaluate (-14 + 1 - (37 - 47)) + -23.
-26
What is (3 - -1) + -2 + 5 + -5 + 0?
2
(7 - 19) + 8 - -9
5
Calculate -33 - 2 - (411 + -459).
13
Evaluate -9 + (31 + -32 - (-5 + 7)).
-12
What is the value of 113 + -64 + -50 - (-1 - (-30 + 0))?
-30
Evaluate -20 + 6 + 7 - (-1 + (-13 - -1)).
6
What is (12 - (3 + 13)) + (-2 + 1 - -26)?
21
Calculate -9 - (0 - (-6 - -2)).
-13
What is the value of (14 - 3) + 4 + -15 - (5 - 24)?
19
Calculate -59 - (-24 - (-22 + 34)).
-23
What is 11 - ((53 - 50) + -3 + 3 + 1)?
7
Evaluate (0 - 6) + 0 - (-170 - -159) - 14.
-9
Evaluate (3 - -4) + (-3 - 22) - 5.
-23
Evaluate 0 - 8 - (15 + -32) - -2.
11
Calculate (10 - -18) + -45 + 6.
-11
Calculate -9 + 23 + -2 + -9.
3
16 - (5 + -18 + -8 - -15)
22
(-18 - 3 - -8) + (53 - 5)
35
14 - (4 - ((-18 - -9) + -19))
-18
What is -3 + -16 - (-14 + 5)?
-10
7 + (-3 - 14) + (-5 - (0 - -2))
-17
15 + (20 - (1 + 30))
4
Evaluate (11 - (3 - -6) - (4 + -10)) + -6.
2
Calculate 3 + (6 - (6 + (-4 - 8))).
15
What is the value of 3 + -6 + 6 + 9 + -12?
0
Evaluate 1 + 2 - (10 - 15) - 7.
1
Calculate -12 - (-45 - -18 - -19).
-4
Calculate (-1 - 25) + (614 - 582).
6
What is 8 - (-8 + 0 + 1 + 3)?
12
Calculate 14 + 3 - 5 - 0.
12
(-10 - -9) + 15 + 1 + -9 + 3
9
Evaluate -13 + 25 + 3 - (1 + 5).
9
Calculate (2 - -5) + -5 - (0 + -2).
4
Evaluate -39 + (10 - 2) + 1 + (0 - 5).
-35
-1 + -3 + (8 - (9 + (-7 - -8)))
-6
Calculate 12 + -4 + -1 + 4 + 2.
13
Calculate 810 - 772 - (8 - -2).
28
10 + (-7 - (7 - -3 - 20))
13
Calculate 7 - (5 - (-2 - -7)) - (16 - 16).
7
Calculate 4 - (-105 - -117 - (26 - (2 + 0))).
16
Calculate 7 - -12 - -1 - 9.
11
Calculate -10 + 4 + (0 - 0 - -7).
1
What is -9 + 5 - 5 - -24 - (0 + 4)?
11
0 + -41 - (2491 + -2516)
-16
13 + -30 + 11 - (-10 - -19)
-15
Calculate -16 + 41 + -25 - -11.
11
Evaluate 0 + 17 + -13 + -20 - -44.
28
-3 - 5 - ((-11 - -2) + -2)
3
Evaluate (3 - 15) + 2 + -12.
-22
Calculate -61 + 33 + 45 + 4.
21
Evaluate (5 - (-10 + 8 + 7)) + -7.
-7
What is 25 + (-15 + -22 - -20)?
8
0 + -9 + 30 + -30
-9
Calculate 3 + 17 + (68 - 77).
11
Evaluate (13 - (-13 + 9)) + (12 - 0 - 15).
14
Evaluate -26 + -5 - -1 - -18.
-12
What is -2 - (0 - 4 - (46 + -51))?
-3
Evaluate -6 + 8 + (5 - (1 + (-11 - -29))).
-12
What is 9 + -22 + 26 + -2?
11
What is 1 - 30 - ((-2 - 14) + 33 + -26)?
-20
Calculate 26 + (-24 - (-2 - 8)).
12
What is the value of 6 + -28 + 27 + -29?
-24
-10 - (6 + 6 + -26) - (1 + 2)
1
Calculate (-4 - (-9 - -11)) + -3 + (1 - 0).
-8
What is 2 + (-11 - (-10 - (0 + -3) - -6))?
-8
What is (1 - (16 - 29) - (5 + 1)) + -2?
6
What is the value of -24 + 15 + -12 - -34?
13
(-13 - -51) + (-18 - -8)
28
What is 3 + 3 + (-19 - -17) - 1?
3
Calculate -2 - (68 + -68 + -2 + 12 + -1).
-11
13 - (-3 - (-21 + 13))
8
What is the value of (-16 - (-10 - -3)) + 2 + 2?
-5
Evaluate 18 + (-27 - (4 + -12)).
-1
What is the value of -134 + 116 - (-5 - 9)?
-4
Evaluate -2 + 8 - (-4 - (-25 + 6)).
-9
What is the value of -10 - (12 + -28 - -28)?
-22
What is the value of -2 - -1 - -2 - -4 - (58 + -39)?
-14
What is the value of (0 - -4 - 6) + -1 + 10 + -4?
3
What is the value of (-32 - 2) + 0 - (-7 + 1 - 2)?
-26
What is the value of 0 + 8 - (3 + -12 + 7)?
10
27 + -26 + (3 - 1 - -2) - -1
6
Calculate 1 + -4 + (-1 + 15 - (-3 + 29)).
-15
Calculate 7 + (-2 - -4 - (4 - 11)).
16
What is the value of 3 - (0 - -1) - (-2 + (-1 - -1))?
4
(0 - -3 - 14) + -55 + 73
7
Evaluate 5 + 1 + (7 - 7) + 7.
13
What is (1 + -2 - 1) + -532 + 524 - -9?
-1
What is the value of -37 + 49 + 11 + 1?
24
What is 4 - (10 - 9 - -7) - 5?
-9
Calculate (0 - -3) + -16 - -26.
13
What is the value of 17 + (-5 - -11) - (-1 - -3) - 7?
14
Evaluate 26 + -3 + (6 - 1) + (39 - 49).
18
What is (12 - 12 - -9) + 22 - 7?
24
Evaluate -5 - (-8 - -2 - -4) - 7.
-10
What is the value of -14 + (14 - (-7 + 7 - -7)) + 1?
-6
-2 + 5 + (-2 + 5 - 11) - -23
18
What is (-14 - (0 - 14)) + 7?
7
What is -8 + (11 - -5) + -4 + -1?
3
What is the value of (10 - (-14 - -5 - -13)) + -1 + -11?
-6
(11 - 0) + (0 + 3 - (-619 + 608))
25
What is -5 + (19 - 20 - 8) + (0 - -6)?
-8
Calculate 126 + -125 - (-2 + -12).
15
Calculate 6 - (-1 - -1) - 0 - (1446 + -1457).
17
What is (-18 + 19 - (5 + 24)) + 12?
-16
What is (2 - 21 - -27) + -8 + -2?
-2
What is the value of (-4 - (-20 - 5)) + -1 + -14?
6
What is 1 + -19 + 0 + 0 + 4 - -5?
-9
What is the value of (10 - 4) + 15 + -54 + 28?
-5
-18 - 1 - (-145 - -139)
-13
What is the value of (17 - -2) + -18 - 16?
-15
Calculate -10 - -7 - (16 + -14) - -3.
-2
What is the value of 6 - (-2 + 0 - -6) - -11?
13
Evaluate (34 - 13) + -8 + (7 - 1) - 3.
16
Evaluate -3 - (-16 - (-4 - 19)).
-10
Calculate (13 - -3) + -4 + -21.
-9
What is the value of -1 + 8 + -1 + (-1 - 9) + 12?
8
What is 22 + -3 + (3 - (6 + 7) - 0)?
9
What is the value of -185 + 138 + (10 - -78)?
41
(-11 + -15 + 30 - -2) + (2 - -7)
15
What is the value of -14 + 6 + -1 + (-11 - (-9 + 12))?
-23
What is -27 + 6 + 25 + -2?
2
Calculate (3 - (10 - 4)) + (-5 + 8 - -5).
5
0 + (-1 - -9) + -1 + 1
8
Calculate 19 - (10 - (-13 - -9)).
5
Evaluate 33 + -2 - (-37 + (-5 - -49)).
24
Calculate 14 + (18 - (18 + 16)).
-2
(127 - 113) + (1 - 29)
-14
-8 - (-2 + -4 + 9) - 4 - -1
-14
-44 + 59 + (-4 - (-3 - -7))
7
What is the value of -27 + 13 + -44 + 73?
15
What is 5 - (42 + (-4 - 18))?
-15
13 + 36 + -44 + 12
17
Calculate 48 + (18 - 63) - (12 - 1).
-8
Evaluate -49 - -39 - (-36 - 3 - -1).
28
Evaluate -16 + (-1 - -19 - 5).
-3
Evaluate 37 - (21 - 11 - 6).
33
What is -1 + -3 + 1 + 28 + (43 - 78)?
-10
What is (-8 - (-10 + 0)) + -19 - -3?
-14
Calculate -8 - (0 - (10 - 6)) - 3.
-7
Calculate 18 + (